the prime factors of a.
11, 29, 37
Let i be 1 + -26 + (1 - 4). Let f be (-18)/4*1*i/21. Suppose -2*g - l + 121 = 0, 0 = 2*l - 0*l - f. List the prime factors of g.
59
Let r(l) be the third derivative of l**6/40 - l**5/30 + l**4/12 + 3*l**3/2 - l**2 - 10*l. What are the prime factors of r(4)?
3, 59
Let t = -255 - 20. Let c = t + 459. What are the prime factors of c?
2, 23
Let i(z) = 7*z**3 - 12*z**2 - 15*z + 15. Let v be i(7). Suppose k - 6*u - v = -9*u, 0 = -5*u - 10. What are the prime factors of k?
7, 13, 19
Suppose -t - 5630 = -5*a, 4*a - 2760 = 2*t + 1750. List the prime factors of a.
3, 5
Let n(t) = -2756*t + 8603. List the prime factors of n(-26).
3, 31, 863
Suppose 4*w - 26579 + 7971 = 5*q, -4*q = 0. What are the prime factors of w?
2, 1163
List the prime factors of 8/14 + (-15582294)/(-343).
2, 5, 7, 11, 59
Suppose 4*a + 6 = 2*a. Let q(r) = -34*r**2 - 14*r + 5. Let l(t) = -5*t**2 - 2*t + 1. Let f(v) = 5*l(v) - q(v). What are the prime factors of f(a)?
3, 23
Suppose -5*m = 3*z - 1784, -5*m + 4*z + 900 + 898 = 0. Suppose -770 = -2*f - x, -2*f + 3*x = -396 - m. List the prime factors of f.
383
Suppose -3*z + 44125 = s, -s + 7616 = -4*z + 66454. What are the prime factors of z?
3, 4903
Suppose 0 = -1599*c + 1575*c + 847656. List the prime factors of c.
3, 61, 193
Suppose u + m = 45208, -u + 3*m + 45183 = -m. List the prime factors of u.
17, 2659
Let t(r) = r**2 + 15*r + 5. Let z be t(-6). Let i(h) = 2*h**2 - 65*h - 62. Let b be i(35). Let j = b + z. List the prime factors of j.
2
Let d = -27580 + 39013. List the prime factors of d.
3, 37, 103
Let c(a) be the third derivative of -13*a**2 + 0 + 0*a + 1/12*a**4 - 3/2*a**3. List the prime factors of c(7).
5
Suppose -24*w - 7 = -23*w. List the prime factors of (w + (-5 - -11))*(-1 + -786).
787
Let j(s) = 1944*s + 1474. List the prime factors of j(5).
2, 29, 193
Suppose 0 = -3*j - 2*l + 25, -5 = 3*j - 0*l - 4*l. Suppose 4*w + 5*s = w + 714, 2*s = -j*w + 1171. List the prime factors of w.
233
Let u = -7 - -3. Let v(i) = -13*i**3 - 4*i**2 + 2*i - 13. Let k be v(u). Suppose k + 177 = 4*d. What are the prime factors of d?
3, 7, 11
Suppose 0 = -5*r - 4*u + 3 - 15, 10 = 5*u. Let n be 18/45 - (-1033)/5. What are the prime factors of (n - -7)*(-2)/r?
107
Let z be (-12 + 0)*(1912/(-32) + 5). Let j = -523 + z. What are the prime factors of j?
2, 67
Suppose -159*k = -1314095 + 25559. What are the prime factors of k?
2, 1013
Let t = -490 - -492. Suppose t*q - 3*y = 1801, 4*q + 2*y = -q + 4455. What are the prime factors of q?
19, 47
Let d(z) = 4*z + 54. Suppose -2*m + 111 = m. What are the prime factors of d(m)?
2, 101
Let r be 2*2/(-4)*1 + -164. List the prime factors of (r/360 + 2/16)*-66.
2, 11
Let z be (4/8)/(6/12) - -20699. Suppose 39*q - 24*q - z = 0. List the prime factors of q.
2, 3, 5, 23
Suppose -9*i + 15*i = 24. Suppose -3*x + 2290 = 5*j, -4*x - i*j + 1528 = -2*x. What are the prime factors of x?
2, 5, 19
Let v(f) = -f**3 - f**2 + 13*f + 4. Suppose -2*k + 0*k - 24 = -4*q, 4*q - 16 = 0. Let i be v(k). Suppose 5*u + 9*u - 2702 = i. What are the prime factors of u?
193
Let y be 1/(12/(-252)*(-6)/14). Suppose y*u + 2455 = 54*u. List the prime factors of u.
491
Let v = -18 - -108. Suppose 4*m + v = -6*m. What are the prime factors of (-6)/m*164 - 4/3?
2, 3
Let t(h) = 4*h + 91. Let x be t(-16). Let m be -5 + 19 - (-3)/1. Let q = x - m. What are the prime factors of q?
2, 5
Let c = 9267 - 541. What are the prime factors of c?
2, 4363
What are the prime factors of 270/(-297) + 1540160/55?
2, 3, 13, 359
Let n be (4/(-3))/(2/5109). What are the prime factors of n/(-6) - (-22)/(-33)?
3, 7
Let u be 16/112 - 3/(1 - -20). Suppose -3*v = 5*j - 274 - 1521, u = -v + 5. List the prime factors of j.
2, 89
Let x(c) be the first derivative of c**4/4 + 7*c**3/6 - 9*c**2/2 - 5. Let b(f) be the second derivative of x(f). List the prime factors of b(8).
5, 11
Suppose 4*y - 8*y - 4 = 0. Let t be (-1 - (-22 + -1))*y/(-2). Suppose 670 = -k + t*k. List the prime factors of k.
67
Let m be ((35/(-10) + 3)*0)/1. Suppose m = -2*a - 4*c + 700, -5*a + 2*c + 816 = -922. List the prime factors of a.
2, 3, 29
Let v(g) = -7*g - 3. Let u be v(-1). Suppose -7*z + u*z = -a + 648, 3*a + 4*z - 1931 = 0. List the prime factors of a.
3, 5, 43
Let f = 39 + -32. Suppose 5*x = 148 + f. Suppose 0 = -x*m + 27*m + 584. What are the prime factors of m?
2, 73
Let a = -71325 - -131330. List the prime factors of a.
5, 11, 1091
Let n = 4854 + -2734. Suppose -9*h - h + n = 0. What are the prime factors of h?
2, 53
Suppose y - 10*y + 59906 = 2*y. List the prime factors of y.
2, 7, 389
Suppose 325*m = 315*m + 323640. What are the prime factors of m?
2, 3, 29, 31
Let f be 2/(-4)*(-8 - -16). Let i be (f/(8/10))/((-4)/12). What are the prime factors of ((-3051)/6)/3*(-10)/i?
113
Let q = -26 - -28. Suppose -q*d + 73 = h, -3*h + 4*h + 4*d = 65. Suppose -159 = -2*t + h. List the prime factors of t.
2, 3, 5
Let t be (-6)/(-15 - -3) - 686/(-4). Suppose t*h - 165*h = 5810. List the prime factors of h.
2, 5, 83
Let g = 313 - 135. Let s = -438 + 434. Let t = g + s. List the prime factors of t.
2, 3, 29
Let r = -19597 - -29291. What are the prime factors of r?
2, 37, 131
Let h(r) = 8*r**3 - r**2 + 1. Let o be h(-1). Let a(t) = 14*t - 39. Let l be a(2). What are the prime factors of l/((4/1)/o)?
2, 11
Let n(v) = -5*v - 16. Let l be n(-4). Suppose 5*j - 9 = -l. What are the prime factors of ((-18)/54)/(j/(-114))?
2, 19
List the prime factors of (23 + 126420/150)*50/6.
3, 5, 13, 37
Let u(b) = b**3 - 29*b**2 - 53*b - 16. Let h be u(32). Let d = h + -642. List the prime factors of d.
2, 359
Suppose 0 = 5*z - 3*r - 105, -5*r - 71 = -z - 3*z. Suppose z*g - 160 = 20*g. List the prime factors of g.
2, 5
What are the prime factors of (-247)/(-741) - 21977/(-3)?
2, 3, 11, 37
Let k(p) = 7 - 3*p + 4*p**2 - 2*p**3 - 3*p**2 - 4*p**2 - 2*p**3. Suppose 7*r - 18 = 13*r. What are the prime factors of k(r)?
97
Let m(f) be the third derivative of f**5/15 - 7*f**4/24 - f**3/2 + 8*f**2. Let h be m(4). Suppose 4*p - 11 = h. List the prime factors of p.
11
Suppose 33*j - 214841 - 109410 = 202000. List the prime factors of j.
37, 431
Let p = 25385 + -13949. What are the prime factors of p?
2, 3, 953
Suppose -l + 83 - 65 = 0. Suppose 7*o = 2*o + 2*u + l, -o - u = 2. Suppose -z + o*m = 6*m - 183, 4*z - 694 = 3*m. List the prime factors of z.
5, 7
Let n(q) = -39*q + 16*q - 6*q + 6*q. Suppose -4*i - 5 = 7. What are the prime factors of n(i)?
3, 23
Suppose 0 = 41*w + 16*w - 631332. What are the prime factors of w?
2, 3, 13, 71
Suppose -39*q + 559940 = 3176. List the prime factors of q.
2, 43, 83
Suppose 2*n = -4*d - 0*n + 232, 3*n - 12 = 0. Let u(t) = t**3 + 4*t**2 + 10*t - 3. Let w be u(-6). Let g = d - w. What are the prime factors of g?
191
Let a be ((-3562)/7)/((-12)/42). Suppose 25 = -5*m, -10*m + 13*m - a = -2*b. List the prime factors of b.
2, 449
Let p = 5936 + -1076. What are the prime factors of p?
2, 3, 5
Suppose 2*j + 4*h + 11 = 59, 5*j + 2*h = 152. Suppose i = -j + 314. List the prime factors of i.
2, 3, 47
Suppose 0 = -12*w - 0*w - 0*w. Let h(s) = s - 100. Let o be h(w). List the prime factors of (-40)/o - 33/(-5).
7
Let r be (-2)/8 + 68/32*2426. Let p = r + -3671. What are the prime factors of p?
2, 7, 53
Let h = 133 + -34. Suppose h*p = 90*p + 5445. List the prime factors of p.
5, 11
Let c(k) = 343*k + 1765. List the prime factors of c(34).
29, 463
Suppose -535*u + 549*u - 287154 = 0. What are the prime factors of u?
3, 43, 53
Let y = -20292 + 32232. What are the prime factors of y?
2, 3, 5, 199
Suppose 32*n - 790159 - 220543 = -45*n. List the prime factors of n.
2, 6563
What are the prime factors of 717*18 - ((-513)/72 - 6/(-48))?
37, 349
Let q = 5271 + 6515. What are the prime factors of q?
2, 71, 83
Suppose 3996*a - 17178 = 3982*a. List the prime factors of a.
3, 409
Let u = -14011 - -30666. List the prime factors of u.
5, 3331
Suppose -5*g - 18 = -3*p - 2*g, p - 9 = 2*g. Suppose 2*l + 3*j - 300 = 434, -1084 = -3*l + 4*j. Suppose 137 + l = p*x. List the prime factors of x.
167
Let w(a) = 12*a**2 + 292*a + 85. List the prime factors of w(-39).
6949
Let c(f) = -3*f**2 - 3*f + 1. Let w be c(-5). Let o be (-14)/(-70) + 6 + (-366)/5. Let x = w - o. List the prime factors of x.
2